{"id":363,"date":"2022-05-13T22:46:54","date_gmt":"2022-05-13T20:46:54","guid":{"rendered":"https:\/\/unautresoufflelille.fr\/?page_id=363"},"modified":"2024-10-25T16:19:09","modified_gmt":"2024-10-25T14:19:09","slug":"blog","status":"publish","type":"page","link":"https:\/\/unautresoufflelille.fr\/index.php\/blog\/","title":{"rendered":"Blog"},"content":{"rendered":"<p>[et_pb_section fb_built=\"1\" admin_label=\"Page Title Section\" _builder_version=\"4.17.4\" _module_preset=\"default\" use_background_color_gradient=\"on\" background_color_gradient_direction=\"120deg\" background_color_gradient_stops=\"#000000 0%|rgba(0,0,0,0) 100%\" background_color_gradient_overlays_image=\"on\" background_color_gradient_start=\"#000000\" background_color_gradient_end=\"rgba(0,0,0,0)\" background_image=\"https:\/\/unautresoufflelille.fr\/wp-content\/uploads\/2022\/05\/Temple-Lille-tribune-orgue-scaled.jpg\" custom_padding=\"110px||110px|\" global_colors_info=\"{}\"][et_pb_row column_structure=\"1_2,1_2\" admin_label=\"Page Title Area\" _builder_version=\"4.16\" _module_preset=\"default\" background_size=\"initial\" background_position=\"top_left\" background_repeat=\"repeat\" global_colors_info=\"{}\"][et_pb_column type=\"1_2\" _builder_version=\"4.16\" _module_preset=\"default\" custom_padding=\"|||\" global_colors_info=\"{}\" custom_padding__hover=\"|||\"][et_pb_text admin_label=\"Title\" _builder_version=\"4.16\" _module_preset=\"default\" text_font=\"||||||||\" header_font=\"Poppins|600|||||||\" header_font_size=\"60px\" header_line_height=\"1.2em\" header_2_font=\"||||||||\" header_2_font_size=\"60px\" background_layout=\"dark\" custom_margin=\"||20px|\" custom_padding=\"|||\" animation_style=\"fade\" header_font_size_tablet=\"\" header_font_size_phone=\"40px\" header_font_size_last_edited=\"on|phone\" global_colors_info=\"{}\"]<\/p>\n<h1>Gazette<\/h1>\n<p>[\/et_pb_text][et_pb_text admin_label=\"Page Subtitle\" _builder_version=\"4.16\" _module_preset=\"default\" text_font=\"Poppins||||||||\" text_font_size=\"18px\" text_line_height=\"1.8em\" header_font=\"||||||||\" background_layout=\"dark\" animation_style=\"fade\" global_colors_info=\"{}\"]<\/p>\n<p>Suivez les nouvelles et l'actualit\u00e9 de l'association <em>Un Autre Souffle<\/em><\/p>\n<p>[\/et_pb_text][\/et_pb_column][et_pb_column type=\"1_2\" _builder_version=\"4.16\" _module_preset=\"default\" custom_padding=\"|||\" global_colors_info=\"{}\" custom_padding__hover=\"|||\"][\/et_pb_column][\/et_pb_row][\/et_pb_section][et_pb_section fb_built=\"1\" admin_label=\"Class Details Section\" _builder_version=\"4.16\" _module_preset=\"default\" background_color=\"#efe9e4\" custom_padding=\"90px||90px|\" global_colors_info=\"{}\"][et_pb_row _builder_version=\"4.27.2\" _module_preset=\"default\" column_structure=\"1_3,2_3\"][et_pb_column _builder_version=\"4.27.2\" _module_preset=\"default\" type=\"1_3\"][et_pb_image src=\"https:\/\/unautresoufflelille.fr\/wp-content\/uploads\/2024\/10\/Bulletin-souscription-Nouvel-Orgue-PDF-remplissable_page-0001.jpg\" _builder_version=\"4.27.2\" _module_preset=\"default\" title_text=\"Bulletin souscription Nouvel Orgue - PDF remplissable_page-0001\" url=\"https:\/\/www.helloasso.com\/associations\/un-autre-souffle\/formulaires\/2\" hover_enabled=\"0\" sticky_enabled=\"0\"][\/et_pb_image][\/et_pb_column][et_pb_column _builder_version=\"4.27.2\" _module_preset=\"default\" type=\"2_3\"][\/et_pb_column][\/et_pb_row][et_pb_row _builder_version=\"4.23.2\" _module_preset=\"default\" global_colors_info=\"{}\"][et_pb_column type=\"4_4\" _builder_version=\"4.23.2\" _module_preset=\"default\" global_colors_info=\"{}\"][et_pb_image src=\"https:\/\/unautresoufflelille.fr\/wp-content\/uploads\/2023\/12\/8-decembre-2023-Croix-du-Nord-UAS-Cantates-de-lAvent.png\" title_text=\"8 de\u0301cembre 2023 Croix du Nord UAS Cantates de l'Avent\" _builder_version=\"4.23.2\" _module_preset=\"default\" global_colors_info=\"{}\"][\/et_pb_image][\/et_pb_column][\/et_pb_row][et_pb_row column_structure=\"1_3,1_3,1_3\" _builder_version=\"4.16\" _module_preset=\"default\" global_colors_info=\"{}\"][et_pb_column type=\"1_3\" _builder_version=\"4.16\" _module_preset=\"default\" custom_padding=\"|||\" global_colors_info=\"{}\" custom_padding__hover=\"|||\"][et_pb_image src=\"https:\/\/unautresoufflelille.fr\/wp-content\/uploads\/2023\/04\/Screenshot-2023-04-03-at-12-18-03-A-bout-de-souffle-lorgue-du-Temple-de-Lille-doit-etre-change-RCF-Hauts-de-France.png\" title_text=\"Screenshot 2023-04-03 at 12-18-03 \u00c0 bout de souffle l'orgue du Temple de Lille doit \u00eatre chang\u00e9 RCF Hauts de France\" url=\"https:\/\/www.rcf.fr\/articles\/culture-et-societe\/a-bout-de-souffle-lorgue-du-temple-de-lille-doit-etre-change\" _builder_version=\"4.20.2\" _module_preset=\"default\" global_colors_info=\"{}\"][\/et_pb_image][\/et_pb_column][et_pb_column type=\"1_3\" _builder_version=\"4.16\" _module_preset=\"default\" custom_padding=\"|||\" global_colors_info=\"{}\" custom_padding__hover=\"|||\"][et_pb_text _builder_version=\"4.20.2\" _module_preset=\"default\" global_colors_info=\"{}\"]<\/p>\n<p>Retrouver une interview de Thomas Yvrard, pr\u00e9sident de l'association Un Autre Souffle pour RCF<\/p>\n<p>[\/et_pb_text][\/et_pb_column][et_pb_column type=\"1_3\" _builder_version=\"4.16\" _module_preset=\"default\" custom_padding=\"|||\" global_colors_info=\"{}\" custom_padding__hover=\"|||\"][et_pb_text _builder_version=\"4.20.2\" _module_preset=\"default\" link_option_url=\"https:\/\/www.helloasso.com\/associations\/un-autre-souffle\/\" global_colors_info=\"{}\"]<\/p>\n<p>Vous pouvez retrouver maintenant Un Autre Souffle sur Hello Asso pour adh\u00e9rer ou faire un don ou encore r\u00e9server des places pour les concerts<\/p>\n<p>https:\/\/www.helloasso.com\/associations\/un-autre-souffle\/<br \/>\n.<\/p>\n<p>[\/et_pb_text][\/et_pb_column][\/et_pb_row][et_pb_row _builder_version=\"4.23.2\" _module_preset=\"default\" global_colors_info=\"{}\"][et_pb_column type=\"4_4\" _builder_version=\"4.23.2\" _module_preset=\"default\" global_colors_info=\"{}\"][et_pb_image src=\"https:\/\/unautresoufflelille.fr\/wp-content\/uploads\/2022\/05\/2021_12_10-1.png\" title_text=\"2021_12_10 - 1\" _builder_version=\"4.23.2\" _module_preset=\"default\" width=\"79%\" global_colors_info=\"{}\"][\/et_pb_image][\/et_pb_column][\/et_pb_row][\/et_pb_section][et_pb_section fb_built=\"1\" admin_label=\"Divider Section\" _builder_version=\"4.16\" _module_preset=\"default\" background_color=\"#1e1d1c\" custom_padding=\"0px||0px|\" global_colors_info=\"{}\"][et_pb_row admin_label=\"Divider Area\" _builder_version=\"4.16\" _module_preset=\"default\" custom_padding=\"0px||0px|\" global_colors_info=\"{}\"][et_pb_column type=\"4_4\" _builder_version=\"4.16\" _module_preset=\"default\" custom_padding=\"|||\" global_colors_info=\"{}\" custom_padding__hover=\"|||\"][et_pb_divider color=\"rgba(255,255,255,0.12)\" divider_position=\"center\" _builder_version=\"4.16\" _module_preset=\"default\" global_colors_info=\"{}\"][\/et_pb_divider][\/et_pb_column][\/et_pb_row][\/et_pb_section][et_pb_section fb_built=\"1\" admin_label=\"Footer Section\" _builder_version=\"4.16\" _module_preset=\"default\" background_color=\"#1e1d1c\" custom_padding=\"90px||90px|\" global_colors_info=\"{}\"][et_pb_row column_structure=\"1_2,1_2\" admin_label=\"Footer Area\" _builder_version=\"4.17.4\" _module_preset=\"default\" global_colors_info=\"{}\"][et_pb_column type=\"1_2\" _builder_version=\"4.16\" _module_preset=\"default\" custom_padding=\"|||\" global_colors_info=\"{}\" custom_padding__hover=\"|||\"][et_pb_text ul_type=\"none\" admin_label=\"Title\" _builder_version=\"4.16\" _module_preset=\"default\" text_font=\"Poppins||||||||\" text_text_color=\"rgba(255,255,255,0.7)\" text_font_size=\"16px\" text_line_height=\"1.8em\" ul_font=\"Poppins||||||||\" ul_text_align=\"center\" header_font=\"||||||||\" header_2_font=\"Poppins||||||||\" header_2_text_align=\"center\" header_2_font_size=\"24px\" header_2_line_height=\"1.4em\" text_orientation=\"center\" background_layout=\"dark\" custom_margin=\"||15px|\" custom_padding=\"|||\" animation_style=\"fade\" global_colors_info=\"{}\"]<\/p>\n<h2>Adresse<\/h2>\n<p>15, rue Jeanne d'Arc<\/p>\n<p>59 000 LILLE<\/p>\n<p>[\/et_pb_text][\/et_pb_column][et_pb_column type=\"1_2\" _builder_version=\"4.16\" _module_preset=\"default\" custom_padding=\"|||\" global_colors_info=\"{}\" custom_padding__hover=\"|||\"][et_pb_text ul_type=\"none\" admin_label=\"Title\" _builder_version=\"4.27.2\" _module_preset=\"default\" text_font=\"Poppins||||||||\" text_text_color=\"rgba(255,255,255,0.7)\" text_font_size=\"16px\" text_line_height=\"1.8em\" ul_font=\"Poppins||||||||\" ul_text_align=\"center\" header_font=\"||||||||\" header_2_font=\"Poppins||||||||\" header_2_text_align=\"center\" header_2_font_size=\"24px\" header_2_line_height=\"1.4em\" text_orientation=\"center\" background_layout=\"dark\" custom_margin=\"||15px|\" custom_padding=\"|||\" animation_style=\"fade\" hover_enabled=\"0\" global_colors_info=\"{}\" sticky_enabled=\"0\"]<\/p>\n<h2>Contactez-nous<\/h2>\n<p>contact@unautresouffle.org<\/p>\n<p>[\/et_pb_text][\/et_pb_column][\/et_pb_row][et_pb_row disabled_on=\"off|off|off\" admin_label=\"Social Media\" _builder_version=\"4.16\" _module_preset=\"default\" custom_margin=\"30px|||\" global_colors_info=\"{}\"][et_pb_column type=\"4_4\" _builder_version=\"4.16\" _module_preset=\"default\" custom_padding=\"|||\" global_colors_info=\"{}\" custom_padding__hover=\"|||\"][et_pb_social_media_follow _builder_version=\"4.17.4\" _module_preset=\"default\" text_orientation=\"center\" global_colors_info=\"{}\"][et_pb_social_media_follow_network social_network=\"facebook\" url=\"https:\/\/www.facebook.com\/unautresoufflelille.fr\" _builder_version=\"4.17.4\" _module_preset=\"default\" background_color=\"#fdb467\" custom_margin=\"|8px||8px\" custom_padding=\"14px|14px|14px|14px\" border_radii=\"on|100px|100px|100px|100px\" global_colors_info=\"{}\" follow_button=\"off\" url_new_window=\"on\"]facebook[\/et_pb_social_media_follow_network][et_pb_social_media_follow_network social_network=\"instagram\" url=\"https:\/\/www.instagram.com\/un_autre_souffle\/\" _builder_version=\"4.17.4\" _module_preset=\"default\" background_color=\"#fdb467\" custom_margin=\"|8px||8px\" custom_padding=\"14px|14px|14px|14px\" border_radii=\"on|100px|100px|100px|100px\" global_colors_info=\"{}\" follow_button=\"off\" url_new_window=\"on\"]instagram[\/et_pb_social_media_follow_network][et_pb_social_media_follow_network social_network=\"youtube\" _builder_version=\"4.16\" _module_preset=\"default\" background_color=\"#fdb467\" custom_margin=\"|8px||8px\" custom_padding=\"14px|14px|14px|14px\" border_radii=\"on|100px|100px|100px|100px\" global_colors_info=\"{}\" follow_button=\"off\" url_new_window=\"on\"]youtube[\/et_pb_social_media_follow_network][\/et_pb_social_media_follow][\/et_pb_column][\/et_pb_row][\/et_pb_section]<\/p>\n","protected":false},"excerpt":{"rendered":"<p>GazetteSuivez les nouvelles et l&rsquo;actualit\u00e9 de l&rsquo;association Un Autre SouffleRetrouver une interview de Thomas Yvrard, pr\u00e9sident de l&rsquo;association Un Autre Souffle pour RCFVous pouvez retrouver maintenant Un Autre Souffle sur Hello Asso pour adh\u00e9rer ou faire un don ou encore r\u00e9server des places pour les concerts https:\/\/www.helloasso.com\/associations\/un-autre-souffle\/ .Adresse 15, rue Jeanne d&rsquo;Arc 59 000 LILLEContactez-nous [&hellip;]<\/p>\n","protected":false},"author":1,"featured_media":0,"parent":0,"menu_order":0,"comment_status":"closed","ping_status":"closed","template":"","meta":{"_et_pb_use_builder":"on","_et_pb_old_content":"","_et_gb_content_width":"","footnotes":""},"class_list":["post-363","page","type-page","status-publish","hentry"],"yoast_head":"<!-- This site is optimized with the Yoast SEO plugin v27.4 - https:\/\/yoast.com\/product\/yoast-seo-wordpress\/ -->\n<title>Blog - Un Autre Souffle<\/title>\n<meta name=\"robots\" content=\"index, follow, max-snippet:-1, max-image-preview:large, max-video-preview:-1\" \/>\n<link rel=\"canonical\" href=\"https:\/\/unautresoufflelille.fr\/index.php\/blog\/\" \/>\n<meta property=\"og:locale\" content=\"fr_FR\" \/>\n<meta property=\"og:type\" content=\"article\" \/>\n<meta property=\"og:title\" content=\"Blog - Un Autre Souffle\" \/>\n<meta property=\"og:description\" content=\"GazetteSuivez les nouvelles et l&#039;actualit\u00e9 de l&#039;association Un Autre SouffleRetrouver une interview de Thomas Yvrard, pr\u00e9sident de l&#039;association Un Autre Souffle pour RCFVous pouvez retrouver maintenant Un Autre Souffle sur Hello Asso pour adh\u00e9rer ou faire un don ou encore r\u00e9server des places pour les concerts https:\/\/www.helloasso.com\/associations\/un-autre-souffle\/ .Adresse 15, rue Jeanne d&#039;Arc 59 000 LILLEContactez-nous [&hellip;]\" \/>\n<meta property=\"og:url\" content=\"https:\/\/unautresoufflelille.fr\/index.php\/blog\/\" \/>\n<meta property=\"og:site_name\" content=\"Un Autre Souffle\" \/>\n<meta property=\"article:modified_time\" content=\"2024-10-25T14:19:09+00:00\" \/>\n<meta name=\"twitter:card\" content=\"summary_large_image\" \/>\n<meta name=\"twitter:label1\" content=\"Dur\u00e9e de lecture estim\u00e9e\" \/>\n\t<meta name=\"twitter:data1\" content=\"1 minute\" \/>\n<script type=\"application\/ld+json\" class=\"yoast-schema-graph\">{\"@context\":\"https:\\\/\\\/schema.org\",\"@graph\":[{\"@type\":\"WebPage\",\"@id\":\"https:\\\/\\\/unautresoufflelille.fr\\\/index.php\\\/blog\\\/\",\"url\":\"https:\\\/\\\/unautresoufflelille.fr\\\/index.php\\\/blog\\\/\",\"name\":\"Blog - Un Autre Souffle\",\"isPartOf\":{\"@id\":\"https:\\\/\\\/unautresoufflelille.fr\\\/#website\"},\"datePublished\":\"2022-05-13T20:46:54+00:00\",\"dateModified\":\"2024-10-25T14:19:09+00:00\",\"breadcrumb\":{\"@id\":\"https:\\\/\\\/unautresoufflelille.fr\\\/index.php\\\/blog\\\/#breadcrumb\"},\"inLanguage\":\"fr-FR\",\"potentialAction\":[{\"@type\":\"ReadAction\",\"target\":[\"https:\\\/\\\/unautresoufflelille.fr\\\/index.php\\\/blog\\\/\"]}]},{\"@type\":\"BreadcrumbList\",\"@id\":\"https:\\\/\\\/unautresoufflelille.fr\\\/index.php\\\/blog\\\/#breadcrumb\",\"itemListElement\":[{\"@type\":\"ListItem\",\"position\":1,\"name\":\"Accueil\",\"item\":\"https:\\\/\\\/unautresoufflelille.fr\\\/\"},{\"@type\":\"ListItem\",\"position\":2,\"name\":\"Blog\"}]},{\"@type\":\"WebSite\",\"@id\":\"https:\\\/\\\/unautresoufflelille.fr\\\/#website\",\"url\":\"https:\\\/\\\/unautresoufflelille.fr\\\/\",\"name\":\"Un Autre Souffle\",\"description\":\"Site pour la construction d&#039;un orgue au temple protestant de Lille\",\"publisher\":{\"@id\":\"https:\\\/\\\/unautresoufflelille.fr\\\/#organization\"},\"potentialAction\":[{\"@type\":\"SearchAction\",\"target\":{\"@type\":\"EntryPoint\",\"urlTemplate\":\"https:\\\/\\\/unautresoufflelille.fr\\\/?s={search_term_string}\"},\"query-input\":{\"@type\":\"PropertyValueSpecification\",\"valueRequired\":true,\"valueName\":\"search_term_string\"}}],\"inLanguage\":\"fr-FR\"},{\"@type\":\"Organization\",\"@id\":\"https:\\\/\\\/unautresoufflelille.fr\\\/#organization\",\"name\":\"Un Autre Souffle Lille\",\"url\":\"https:\\\/\\\/unautresoufflelille.fr\\\/\",\"logo\":{\"@type\":\"ImageObject\",\"inLanguage\":\"fr-FR\",\"@id\":\"https:\\\/\\\/unautresoufflelille.fr\\\/#\\\/schema\\\/logo\\\/image\\\/\",\"url\":\"https:\\\/\\\/unautresoufflelille.fr\\\/wp-content\\\/uploads\\\/2022\\\/05\\\/logo.UnAutreSouffle_quadri.png\",\"contentUrl\":\"https:\\\/\\\/unautresoufflelille.fr\\\/wp-content\\\/uploads\\\/2022\\\/05\\\/logo.UnAutreSouffle_quadri.png\",\"width\":483,\"height\":512,\"caption\":\"Un Autre Souffle Lille\"},\"image\":{\"@id\":\"https:\\\/\\\/unautresoufflelille.fr\\\/#\\\/schema\\\/logo\\\/image\\\/\"}}]}<\/script>\n<!-- \/ Yoast SEO plugin. -->","yoast_head_json":{"title":"Blog - Un Autre Souffle","robots":{"index":"index","follow":"follow","max-snippet":"max-snippet:-1","max-image-preview":"max-image-preview:large","max-video-preview":"max-video-preview:-1"},"canonical":"https:\/\/unautresoufflelille.fr\/index.php\/blog\/","og_locale":"fr_FR","og_type":"article","og_title":"Blog - Un Autre Souffle","og_description":"GazetteSuivez les nouvelles et l'actualit\u00e9 de l'association Un Autre SouffleRetrouver une interview de Thomas Yvrard, pr\u00e9sident de l'association Un Autre Souffle pour RCFVous pouvez retrouver maintenant Un Autre Souffle sur Hello Asso pour adh\u00e9rer ou faire un don ou encore r\u00e9server des places pour les concerts https:\/\/www.helloasso.com\/associations\/un-autre-souffle\/ .Adresse 15, rue Jeanne d'Arc 59 000 LILLEContactez-nous [&hellip;]","og_url":"https:\/\/unautresoufflelille.fr\/index.php\/blog\/","og_site_name":"Un Autre Souffle","article_modified_time":"2024-10-25T14:19:09+00:00","twitter_card":"summary_large_image","twitter_misc":{"Dur\u00e9e de lecture estim\u00e9e":"1 minute"},"schema":{"@context":"https:\/\/schema.org","@graph":[{"@type":"WebPage","@id":"https:\/\/unautresoufflelille.fr\/index.php\/blog\/","url":"https:\/\/unautresoufflelille.fr\/index.php\/blog\/","name":"Blog - Un Autre Souffle","isPartOf":{"@id":"https:\/\/unautresoufflelille.fr\/#website"},"datePublished":"2022-05-13T20:46:54+00:00","dateModified":"2024-10-25T14:19:09+00:00","breadcrumb":{"@id":"https:\/\/unautresoufflelille.fr\/index.php\/blog\/#breadcrumb"},"inLanguage":"fr-FR","potentialAction":[{"@type":"ReadAction","target":["https:\/\/unautresoufflelille.fr\/index.php\/blog\/"]}]},{"@type":"BreadcrumbList","@id":"https:\/\/unautresoufflelille.fr\/index.php\/blog\/#breadcrumb","itemListElement":[{"@type":"ListItem","position":1,"name":"Accueil","item":"https:\/\/unautresoufflelille.fr\/"},{"@type":"ListItem","position":2,"name":"Blog"}]},{"@type":"WebSite","@id":"https:\/\/unautresoufflelille.fr\/#website","url":"https:\/\/unautresoufflelille.fr\/","name":"Un Autre Souffle","description":"Site pour la construction d&#039;un orgue au temple protestant de Lille","publisher":{"@id":"https:\/\/unautresoufflelille.fr\/#organization"},"potentialAction":[{"@type":"SearchAction","target":{"@type":"EntryPoint","urlTemplate":"https:\/\/unautresoufflelille.fr\/?s={search_term_string}"},"query-input":{"@type":"PropertyValueSpecification","valueRequired":true,"valueName":"search_term_string"}}],"inLanguage":"fr-FR"},{"@type":"Organization","@id":"https:\/\/unautresoufflelille.fr\/#organization","name":"Un Autre Souffle Lille","url":"https:\/\/unautresoufflelille.fr\/","logo":{"@type":"ImageObject","inLanguage":"fr-FR","@id":"https:\/\/unautresoufflelille.fr\/#\/schema\/logo\/image\/","url":"https:\/\/unautresoufflelille.fr\/wp-content\/uploads\/2022\/05\/logo.UnAutreSouffle_quadri.png","contentUrl":"https:\/\/unautresoufflelille.fr\/wp-content\/uploads\/2022\/05\/logo.UnAutreSouffle_quadri.png","width":483,"height":512,"caption":"Un Autre Souffle Lille"},"image":{"@id":"https:\/\/unautresoufflelille.fr\/#\/schema\/logo\/image\/"}}]}},"_links":{"self":[{"href":"https:\/\/unautresoufflelille.fr\/index.php\/wp-json\/wp\/v2\/pages\/363","targetHints":{"allow":["GET"]}}],"collection":[{"href":"https:\/\/unautresoufflelille.fr\/index.php\/wp-json\/wp\/v2\/pages"}],"about":[{"href":"https:\/\/unautresoufflelille.fr\/index.php\/wp-json\/wp\/v2\/types\/page"}],"author":[{"embeddable":true,"href":"https:\/\/unautresoufflelille.fr\/index.php\/wp-json\/wp\/v2\/users\/1"}],"replies":[{"embeddable":true,"href":"https:\/\/unautresoufflelille.fr\/index.php\/wp-json\/wp\/v2\/comments?post=363"}],"version-history":[{"count":59,"href":"https:\/\/unautresoufflelille.fr\/index.php\/wp-json\/wp\/v2\/pages\/363\/revisions"}],"predecessor-version":[{"id":2065,"href":"https:\/\/unautresoufflelille.fr\/index.php\/wp-json\/wp\/v2\/pages\/363\/revisions\/2065"}],"wp:attachment":[{"href":"https:\/\/unautresoufflelille.fr\/index.php\/wp-json\/wp\/v2\/media?parent=363"}],"curies":[{"name":"wp","href":"https:\/\/api.w.org\/{rel}","templated":true}]}}