{"id":73,"date":"2022-05-03T21:19:53","date_gmt":"2022-05-03T19:19:53","guid":{"rendered":"https:\/\/unautresoufflelille.fr\/?page_id=73"},"modified":"2024-03-17T10:03:13","modified_gmt":"2024-03-17T09:03:13","slug":"orgues","status":"publish","type":"page","link":"https:\/\/unautresoufflelille.fr\/index.php\/orgues\/","title":{"rendered":"Orgues"},"content":{"rendered":"<p>[et_pb_section fb_built=\"1\" admin_label=\"Page Title Section\" _builder_version=\"4.23.2\" _module_preset=\"default\" use_background_color_gradient=\"on\" background_color_gradient_direction=\"120deg\" background_color_gradient_stops=\"#000000 0%|rgba(0,0,0,0) 100%\" background_color_gradient_overlays_image=\"on\" background_color_gradient_start=\"#000000\" background_color_gradient_end=\"rgba(0,0,0,0)\" background_image=\"https:\/\/unautresoufflelille.fr\/wp-content\/uploads\/2023\/12\/Projection-Orgue-Neuf-rr.jpeg\" custom_padding=\"110px||110px|\" animation_style=\"fade\" global_colors_info=\"{}\"][et_pb_row column_structure=\"2_3,1_3\" admin_label=\"Page Title Area\" _builder_version=\"4.16\" _module_preset=\"default\" background_size=\"initial\" background_position=\"top_left\" background_repeat=\"repeat\" global_colors_info=\"{}\"][et_pb_column type=\"2_3\" _builder_version=\"4.16\" _module_preset=\"default\" custom_padding=\"|||\" global_colors_info=\"{}\" custom_padding__hover=\"|||\"][et_pb_text admin_label=\"Title\" _builder_version=\"4.17.4\" _module_preset=\"default\" text_font=\"||||||||\" header_font=\"Poppins|600|||||||\" header_font_size=\"60px\" header_line_height=\"1.2em\" header_2_font=\"||||||||\" header_2_font_size=\"60px\" background_layout=\"dark\" custom_margin=\"||20px|\" custom_padding=\"|||\" animation_style=\"fade\" header_font_size_tablet=\"\" header_font_size_phone=\"40px\" header_font_size_last_edited=\"on|phone\" global_colors_info=\"{}\"]<\/p>\n<h1>Un orgue<br \/>pour la famille Bach<\/h1>\n<p>[\/et_pb_text][et_pb_text admin_label=\"Page Subtitle\" _builder_version=\"4.16\" _module_preset=\"default\" text_font=\"Poppins||||||||\" text_font_size=\"18px\" text_line_height=\"1.8em\" header_font=\"||||||||\" background_layout=\"dark\" custom_padding=\"||2px|||\" animation_style=\"fade\" global_colors_info=\"{}\"]\"... suspendimus organa nostra\" (Ps 137)<\/p>\n<p>[\/et_pb_text][\/et_pb_column][et_pb_column type=\"1_3\" _builder_version=\"4.16\" _module_preset=\"default\" custom_padding=\"|||\" global_colors_info=\"{}\" custom_padding__hover=\"|||\"][et_pb_audio audio=\"https:\/\/unautresoufflelille.fr\/wp-content\/uploads\/2022\/05\/10-Chaconne-in-B.mp3\" title=\"Chaconne in B, Johann Bernhard Bach\" artist_name=\"Wilhelm Krumbach\" _builder_version=\"4.17.4\" _module_preset=\"default\" global_colors_info=\"{}\"][\/et_pb_audio][\/et_pb_column][\/et_pb_row][\/et_pb_section][et_pb_section fb_built=\"1\" admin_label=\"Class Details Section\" _builder_version=\"4.17.3\" _module_preset=\"default\" background_color=\"#efe9e4\" custom_padding=\"90px||60px|\" global_colors_info=\"{}\"][et_pb_row column_structure=\"1_3,2_3\" _builder_version=\"4.17.3\" _module_preset=\"default\" global_colors_info=\"{}\"][et_pb_column type=\"1_3\" _builder_version=\"4.17.3\" _module_preset=\"default\" global_colors_info=\"{}\"][et_pb_text _builder_version=\"4.17.3\" _module_preset=\"default\" text_font_size=\"22px\" text_text_shadow_style=\"preset2\" global_colors_info=\"{}\"]<\/p>\n<h1>L'orgue actuel<\/h1>\n<p>[\/et_pb_text][et_pb_text _builder_version=\"4.17.4\" _module_preset=\"default\" global_colors_info=\"{}\"]L'orgue actuel a \u00e9t\u00e9 construit en 1880, peu apr\u00e8s le temple lui-m\u00eame.<\/p>\n<p>Il suffit aux besoins du culte, o\u00f9 il s'agit surtout de soutenir le chant de l'assembl\u00e9e.<\/p>\n<p>D\u00e9tails disponibles sur <a href=\"https:\/\/orgues-hdf.eu\/index.php?title=Lille,_Temple_protestant\" target=\"_blank\" rel=\"noopener\" title=\"Site d\u00e9di\u00e9 aux orgues de la r\u00e9gion de Lille\">ce site<\/a>.<\/p>\n<p>[\/et_pb_text][\/et_pb_column][et_pb_column type=\"2_3\" _builder_version=\"4.17.3\" _module_preset=\"default\" global_colors_info=\"{}\"][et_pb_image src=\"https:\/\/unautresoufflelille.fr\/wp-content\/uploads\/2022\/06\/DFC9837.jpg\" title_text=\"_DFC9837\" _builder_version=\"4.23.2\" _module_preset=\"default\" global_colors_info=\"{}\"][\/et_pb_image][\/et_pb_column][\/et_pb_row][et_pb_row column_structure=\"1_2,1_2\" _builder_version=\"4.23.2\" _module_preset=\"default\" global_colors_info=\"{}\"][et_pb_column type=\"1_2\" _builder_version=\"4.23.2\" _module_preset=\"default\" global_colors_info=\"{}\"][et_pb_image src=\"https:\/\/unautresoufflelille.fr\/wp-content\/uploads\/2023\/12\/Flyer-orgue-nov2023_page-0002_ter.jpg\" title_text=\"Flyer orgue nov2023_page-0002_ter\" _builder_version=\"4.23.2\" _module_preset=\"default\" global_colors_info=\"{}\"][\/et_pb_image][\/et_pb_column][et_pb_column type=\"1_2\" _builder_version=\"4.23.2\" _module_preset=\"default\" global_colors_info=\"{}\"][et_pb_image src=\"https:\/\/unautresoufflelille.fr\/wp-content\/uploads\/2023\/12\/Flyer-orgue-nov2023_page-0001_bis.jpg\" title_text=\"Flyer orgue nov2023_page-0001_bis\" _builder_version=\"4.23.2\" _module_preset=\"default\" global_colors_info=\"{}\"][\/et_pb_image][\/et_pb_column][\/et_pb_row][et_pb_row _builder_version=\"4.23.2\" _module_preset=\"default\" global_colors_info=\"{}\"][et_pb_column type=\"4_4\" _builder_version=\"4.23.2\" _module_preset=\"default\" global_colors_info=\"{}\"][et_pb_image src=\"https:\/\/unautresoufflelille.fr\/wp-content\/uploads\/2023\/12\/Projection-Orgue-Neuf-rr.jpeg\" title_text=\"Projection Orgue Neuf rr\" _builder_version=\"4.23.2\" _module_preset=\"default\" global_colors_info=\"{}\"][\/et_pb_image][et_pb_text _builder_version=\"4.23.2\" _module_preset=\"default\" text_text_color=\"#000000\" text_font_size=\"17px\" global_colors_info=\"{}\"]<\/p>\n<p>Proposition de r\u00e9alisation de buffet r\u00e9alis\u00e9e par les ateliers Quentin Requier (projetction en 3D) - Photo non contractuelle<\/p>\n<p>[\/et_pb_text][\/et_pb_column][\/et_pb_row][\/et_pb_section][et_pb_section fb_built=\"1\" admin_label=\"Divider Section\" _builder_version=\"4.16\" _module_preset=\"default\" background_color=\"#efe9e4\" custom_padding=\"0px||0px|\" global_colors_info=\"{}\"][et_pb_row admin_label=\"Divider Area\" _builder_version=\"4.16\" _module_preset=\"default\" custom_padding=\"0px||0px|\" global_colors_info=\"{}\"][et_pb_column type=\"4_4\" _builder_version=\"4.16\" _module_preset=\"default\" custom_padding=\"|||\" global_colors_info=\"{}\" custom_padding__hover=\"|||\"][et_pb_divider color=\"rgba(0,0,0,0.12)\" divider_position=\"center\" _builder_version=\"4.16\" _module_preset=\"default\" custom_margin=\"|||\" custom_padding=\"|||\" global_colors_info=\"{}\"][\/et_pb_divider][\/et_pb_column][\/et_pb_row][\/et_pb_section][et_pb_section fb_built=\"1\" admin_label=\"Divider Section\" _builder_version=\"4.16\" _module_preset=\"default\" background_color=\"#1e1d1c\" custom_padding=\"0px||0px|\" global_colors_info=\"{}\"][et_pb_row admin_label=\"Divider Area\" _builder_version=\"4.16\" _module_preset=\"default\" custom_padding=\"0px||0px|\" global_colors_info=\"{}\"][et_pb_column type=\"4_4\" _builder_version=\"4.16\" _module_preset=\"default\" custom_padding=\"|||\" global_colors_info=\"{}\" custom_padding__hover=\"|||\"][et_pb_divider color=\"rgba(255,255,255,0.12)\" divider_position=\"center\" _builder_version=\"4.16\" _module_preset=\"default\" global_colors_info=\"{}\"][\/et_pb_divider][\/et_pb_column][\/et_pb_row][\/et_pb_section]<\/p>\n","protected":false},"excerpt":{"rendered":"<p>Un orguepour la famille Bach\u00a0\u00bb&#8230; suspendimus organa nostra\u00a0\u00bb (Ps 137)L&rsquo;orgue actuelL&rsquo;orgue actuel a \u00e9t\u00e9 construit en 1880, peu apr\u00e8s le temple lui-m\u00eame. Il suffit aux besoins du culte, o\u00f9 il s&rsquo;agit surtout de soutenir le chant de l&rsquo;assembl\u00e9e. D\u00e9tails disponibles sur ce site.Proposition de r\u00e9alisation de buffet r\u00e9alis\u00e9e par les ateliers Quentin Requier (projetction en [&hellip;]<\/p>\n","protected":false},"author":1,"featured_media":0,"parent":0,"menu_order":0,"comment_status":"closed","ping_status":"closed","template":"","meta":{"_et_pb_use_builder":"on","_et_pb_old_content":"","_et_gb_content_width":"","footnotes":""},"class_list":["post-73","page","type-page","status-publish","hentry"],"yoast_head":"<!-- This site is optimized with the Yoast SEO plugin v27.5 - https:\/\/yoast.com\/product\/yoast-seo-wordpress\/ -->\n<title>Orgues - Un Autre Souffle<\/title>\n<meta name=\"robots\" content=\"index, follow, max-snippet:-1, max-image-preview:large, max-video-preview:-1\" \/>\n<link rel=\"canonical\" href=\"https:\/\/unautresoufflelille.fr\/index.php\/orgues\/\" \/>\n<meta property=\"og:locale\" content=\"fr_FR\" \/>\n<meta property=\"og:type\" content=\"article\" \/>\n<meta property=\"og:title\" content=\"Orgues - Un Autre Souffle\" \/>\n<meta property=\"og:description\" content=\"Un orguepour la famille Bach&quot;... suspendimus organa nostra&quot; (Ps 137)L&#039;orgue actuelL&#039;orgue actuel a \u00e9t\u00e9 construit en 1880, peu apr\u00e8s le temple lui-m\u00eame. Il suffit aux besoins du culte, o\u00f9 il s&#039;agit surtout de soutenir le chant de l&#039;assembl\u00e9e. D\u00e9tails disponibles sur ce site.Proposition de r\u00e9alisation de buffet r\u00e9alis\u00e9e par les ateliers Quentin Requier (projetction en [&hellip;]\" \/>\n<meta property=\"og:url\" content=\"https:\/\/unautresoufflelille.fr\/index.php\/orgues\/\" \/>\n<meta property=\"og:site_name\" content=\"Un Autre Souffle\" \/>\n<meta property=\"article:modified_time\" content=\"2024-03-17T09:03:13+00:00\" \/>\n<meta name=\"twitter:card\" content=\"summary_large_image\" \/>\n<meta name=\"twitter:label1\" content=\"Dur\u00e9e de lecture estim\u00e9e\" \/>\n\t<meta name=\"twitter:data1\" content=\"2 minutes\" \/>\n<script type=\"application\/ld+json\" class=\"yoast-schema-graph\">{\"@context\":\"https:\\\/\\\/schema.org\",\"@graph\":[{\"@type\":\"WebPage\",\"@id\":\"https:\\\/\\\/unautresoufflelille.fr\\\/index.php\\\/orgues\\\/\",\"url\":\"https:\\\/\\\/unautresoufflelille.fr\\\/index.php\\\/orgues\\\/\",\"name\":\"Orgues - Un Autre Souffle\",\"isPartOf\":{\"@id\":\"https:\\\/\\\/unautresoufflelille.fr\\\/#website\"},\"datePublished\":\"2022-05-03T19:19:53+00:00\",\"dateModified\":\"2024-03-17T09:03:13+00:00\",\"breadcrumb\":{\"@id\":\"https:\\\/\\\/unautresoufflelille.fr\\\/index.php\\\/orgues\\\/#breadcrumb\"},\"inLanguage\":\"fr-FR\",\"potentialAction\":[{\"@type\":\"ReadAction\",\"target\":[\"https:\\\/\\\/unautresoufflelille.fr\\\/index.php\\\/orgues\\\/\"]}]},{\"@type\":\"BreadcrumbList\",\"@id\":\"https:\\\/\\\/unautresoufflelille.fr\\\/index.php\\\/orgues\\\/#breadcrumb\",\"itemListElement\":[{\"@type\":\"ListItem\",\"position\":1,\"name\":\"Accueil\",\"item\":\"https:\\\/\\\/unautresoufflelille.fr\\\/\"},{\"@type\":\"ListItem\",\"position\":2,\"name\":\"Orgues\"}]},{\"@type\":\"WebSite\",\"@id\":\"https:\\\/\\\/unautresoufflelille.fr\\\/#website\",\"url\":\"https:\\\/\\\/unautresoufflelille.fr\\\/\",\"name\":\"Un Autre Souffle\",\"description\":\"Site pour la construction d&#039;un orgue au temple protestant de Lille\",\"publisher\":{\"@id\":\"https:\\\/\\\/unautresoufflelille.fr\\\/#organization\"},\"potentialAction\":[{\"@type\":\"SearchAction\",\"target\":{\"@type\":\"EntryPoint\",\"urlTemplate\":\"https:\\\/\\\/unautresoufflelille.fr\\\/?s={search_term_string}\"},\"query-input\":{\"@type\":\"PropertyValueSpecification\",\"valueRequired\":true,\"valueName\":\"search_term_string\"}}],\"inLanguage\":\"fr-FR\"},{\"@type\":\"Organization\",\"@id\":\"https:\\\/\\\/unautresoufflelille.fr\\\/#organization\",\"name\":\"Un Autre Souffle Lille\",\"url\":\"https:\\\/\\\/unautresoufflelille.fr\\\/\",\"logo\":{\"@type\":\"ImageObject\",\"inLanguage\":\"fr-FR\",\"@id\":\"https:\\\/\\\/unautresoufflelille.fr\\\/#\\\/schema\\\/logo\\\/image\\\/\",\"url\":\"https:\\\/\\\/unautresoufflelille.fr\\\/wp-content\\\/uploads\\\/2022\\\/05\\\/logo.UnAutreSouffle_quadri.png\",\"contentUrl\":\"https:\\\/\\\/unautresoufflelille.fr\\\/wp-content\\\/uploads\\\/2022\\\/05\\\/logo.UnAutreSouffle_quadri.png\",\"width\":483,\"height\":512,\"caption\":\"Un Autre Souffle Lille\"},\"image\":{\"@id\":\"https:\\\/\\\/unautresoufflelille.fr\\\/#\\\/schema\\\/logo\\\/image\\\/\"}}]}<\/script>\n<!-- \/ Yoast SEO plugin. -->","yoast_head_json":{"title":"Orgues - Un Autre Souffle","robots":{"index":"index","follow":"follow","max-snippet":"max-snippet:-1","max-image-preview":"max-image-preview:large","max-video-preview":"max-video-preview:-1"},"canonical":"https:\/\/unautresoufflelille.fr\/index.php\/orgues\/","og_locale":"fr_FR","og_type":"article","og_title":"Orgues - Un Autre Souffle","og_description":"Un orguepour la famille Bach\"... suspendimus organa nostra\" (Ps 137)L'orgue actuelL'orgue actuel a \u00e9t\u00e9 construit en 1880, peu apr\u00e8s le temple lui-m\u00eame. Il suffit aux besoins du culte, o\u00f9 il s'agit surtout de soutenir le chant de l'assembl\u00e9e. D\u00e9tails disponibles sur ce site.Proposition de r\u00e9alisation de buffet r\u00e9alis\u00e9e par les ateliers Quentin Requier (projetction en [&hellip;]","og_url":"https:\/\/unautresoufflelille.fr\/index.php\/orgues\/","og_site_name":"Un Autre Souffle","article_modified_time":"2024-03-17T09:03:13+00:00","twitter_card":"summary_large_image","twitter_misc":{"Dur\u00e9e de lecture estim\u00e9e":"2 minutes"},"schema":{"@context":"https:\/\/schema.org","@graph":[{"@type":"WebPage","@id":"https:\/\/unautresoufflelille.fr\/index.php\/orgues\/","url":"https:\/\/unautresoufflelille.fr\/index.php\/orgues\/","name":"Orgues - Un Autre Souffle","isPartOf":{"@id":"https:\/\/unautresoufflelille.fr\/#website"},"datePublished":"2022-05-03T19:19:53+00:00","dateModified":"2024-03-17T09:03:13+00:00","breadcrumb":{"@id":"https:\/\/unautresoufflelille.fr\/index.php\/orgues\/#breadcrumb"},"inLanguage":"fr-FR","potentialAction":[{"@type":"ReadAction","target":["https:\/\/unautresoufflelille.fr\/index.php\/orgues\/"]}]},{"@type":"BreadcrumbList","@id":"https:\/\/unautresoufflelille.fr\/index.php\/orgues\/#breadcrumb","itemListElement":[{"@type":"ListItem","position":1,"name":"Accueil","item":"https:\/\/unautresoufflelille.fr\/"},{"@type":"ListItem","position":2,"name":"Orgues"}]},{"@type":"WebSite","@id":"https:\/\/unautresoufflelille.fr\/#website","url":"https:\/\/unautresoufflelille.fr\/","name":"Un Autre Souffle","description":"Site pour la construction d&#039;un orgue au temple protestant de Lille","publisher":{"@id":"https:\/\/unautresoufflelille.fr\/#organization"},"potentialAction":[{"@type":"SearchAction","target":{"@type":"EntryPoint","urlTemplate":"https:\/\/unautresoufflelille.fr\/?s={search_term_string}"},"query-input":{"@type":"PropertyValueSpecification","valueRequired":true,"valueName":"search_term_string"}}],"inLanguage":"fr-FR"},{"@type":"Organization","@id":"https:\/\/unautresoufflelille.fr\/#organization","name":"Un Autre Souffle Lille","url":"https:\/\/unautresoufflelille.fr\/","logo":{"@type":"ImageObject","inLanguage":"fr-FR","@id":"https:\/\/unautresoufflelille.fr\/#\/schema\/logo\/image\/","url":"https:\/\/unautresoufflelille.fr\/wp-content\/uploads\/2022\/05\/logo.UnAutreSouffle_quadri.png","contentUrl":"https:\/\/unautresoufflelille.fr\/wp-content\/uploads\/2022\/05\/logo.UnAutreSouffle_quadri.png","width":483,"height":512,"caption":"Un Autre Souffle Lille"},"image":{"@id":"https:\/\/unautresoufflelille.fr\/#\/schema\/logo\/image\/"}}]}},"_links":{"self":[{"href":"https:\/\/unautresoufflelille.fr\/index.php\/wp-json\/wp\/v2\/pages\/73","targetHints":{"allow":["GET"]}}],"collection":[{"href":"https:\/\/unautresoufflelille.fr\/index.php\/wp-json\/wp\/v2\/pages"}],"about":[{"href":"https:\/\/unautresoufflelille.fr\/index.php\/wp-json\/wp\/v2\/types\/page"}],"author":[{"embeddable":true,"href":"https:\/\/unautresoufflelille.fr\/index.php\/wp-json\/wp\/v2\/users\/1"}],"replies":[{"embeddable":true,"href":"https:\/\/unautresoufflelille.fr\/index.php\/wp-json\/wp\/v2\/comments?post=73"}],"version-history":[{"count":49,"href":"https:\/\/unautresoufflelille.fr\/index.php\/wp-json\/wp\/v2\/pages\/73\/revisions"}],"predecessor-version":[{"id":1630,"href":"https:\/\/unautresoufflelille.fr\/index.php\/wp-json\/wp\/v2\/pages\/73\/revisions\/1630"}],"wp:attachment":[{"href":"https:\/\/unautresoufflelille.fr\/index.php\/wp-json\/wp\/v2\/media?parent=73"}],"curies":[{"name":"wp","href":"https:\/\/api.w.org\/{rel}","templated":true}]}}